 when 251 is divided by 237.
14
Calculate the remainder when 206 is divided by 19.
16
Calculate the remainder when 813 is divided by 271.
0
What is the remainder when 473 is divided by 165?
143
Calculate the remainder when 148 is divided by 6.
4
Calculate the remainder when 368 is divided by 116.
20
Calculate the remainder when 3357 is divided by 40.
37
What is the remainder when 151 is divided by 18?
7
What is the remainder when 36 is divided by 14?
8
What is the remainder when 2158 is divided by 60?
58
What is the remainder when 251 is divided by 12?
11
Calculate the remainder when 3451 is divided by 48.
43
Calculate the remainder when 1112 is divided by 12.
8
Calculate the remainder when 416 is divided by 106.
98
Calculate the remainder when 313 is divided by 28.
5
Calculate the remainder when 700 is divided by 64.
60
Calculate the remainder when 2438 is divided by 10.
8
Calculate the remainder when 454 is divided by 22.
14
What is the remainder when 343 is divided by 86?
85
Calculate the remainder when 2128 is divided by 682.
82
Calculate the remainder when 1112 is divided by 18.
14
Calculate the remainder when 175 is divided by 44.
43
What is the remainder when 850 is divided by 6?
4
Calculate the remainder when 3012 is divided by 64.
4
Calculate the remainder when 14051 is divided by 299.
297
Calculate the remainder when 95 is divided by 16.
15
What is the remainder when 95 is divided by 20?
15
What is the remainder when 1556 is divided by 64?
20
Calculate the remainder when 24 is divided by 22.
2
What is the remainder when 122 is divided by 4?
2
Calculate the remainder when 1823 is divided by 46.
29
Calculate the remainder when 997 is divided by 329.
10
Calculate the remainder when 351 is divided by 16.
15
Calculate the remainder when 24 is divided by 20.
4
Calculate the remainder when 416 is divided by 53.
45
Calculate the remainder when 3755 is divided by 12.
11
Calculate the remainder when 43 is divided by 15.
13
What is the remainder when 138 is divided by 40?
18
What is the remainder when 194 is divided by 72?
50
What is the remainder when 610 is divided by 95?
40
Calculate the remainder when 1632 is divided by 117.
111
What is the remainder when 14213 is divided by 309?
308
What is the remainder when 624 is divided by 2?
0
What is the remainder when 1270 is divided by 54?
28
Calculate the remainder when 937 is divided by 47.
44
What is the remainder when 290 is divided by 43?
32
Calculate the remainder when 17907 is divided by 90.
87
Calculate the remainder when 1445 is divided by 517.
411
What is the remainder when 133 is divided by 49?
35
Calculate the remainder when 3798 is divided by 3783.
15
What is the remainder when 1425 is divided by 110?
105
What is the remainder when 34 is divided by 19?
15
Calculate the remainder when 3066 is divided by 1525.
16
What is the remainder when 671 is divided by 214?
29
What is the remainder when 1052 is divided by 50?
2
Calculate the remainder when 480 is divided by 102.
72
Calculate the remainder when 177 is divided by 3.
0
Calculate the remainder when 6874 is divided by 6.
4
Calculate the remainder when 601 is divided by 42.
13
What is the remainder when 1321 is divided by 47?
5
What is the remainder when 693 is divided by 145?
113
Calculate the remainder when 182 is divided by 54.
20
Calculate the remainder when 171 is divided by 43.
42
What is the remainder when 807 is divided by 267?
6
What is the remainder when 544 is divided by 39?
37
Calculate the remainder when 613 is divided by 15.
13
What is the remainder when 215 is divided by 108?
107
Calculate the remainder when 435 is divided by 44.
39
What is the remainder when 334 is divided by 8?
6
Calculate the remainder when 245 is divided by 109.
27
What is the remainder when 22975 is divided by 207?
205
Calculate the remainder when 197 is divided by 75.
47
What is the remainder when 55 is divided by 3?
1
What is the remainder when 992 is divided by 71?
69
Calculate the remainder when 439 is divided by 73.
1
Calculate the remainder when 1705 is divided by 77.
11
Calculate the remainder when 999 is divided by 25.
24
Calculate the remainder when 907 is divided by 302.
1
What is the remainder when 300 is divided by 101?
98
Calculate the remainder when 111 is divided by 38.
35
What is the remainder when 11943 is divided by 11?
8
Calculate the remainder when 122 is divided by 43.
36
What is the remainder when 344 is divided by 74?
48
Calculate the remainder when 44 is divided by 28.
16
What is the remainder when 70 is divided by 55?
15
Calculate the remainder when 1260 is divided by 417.
9
What is the remainder when 26 is divided by 7?
5
Calculate the remainder when 342 is divided by 69.
66
What is the remainder when 562 is divided by 57?
49
Calculate the remainder when 120 is divided by 43.
34
Calculate the remainder when 112 is divided by 22.
2
What is the remainder when 50 is divided by 23?
4
What is the remainder when 302 is divided by 19?
17
What is the remainder when 1684 is divided by 56?
4
What is the remainder when 230 is divided by 7?
6
Calculate the remainder when 443 is divided by 12.
11
Calculate the remainder when 123 is divided by 12.
3
What is the remainder when 290 is divided by 59?
54
What is the remainder when 68 is divided by 40?
28
Calculate the remainder when 13223 is divided by 4406.
5
Calculate the remainder when 3586 is divided by 171.
166
Calculate the remainder when 477 is divided by 37.
33
Calculate the remainder when 225 is divided by 40.
25
Calculate the remainder when 247 is divided by 9.
4
What is the remainder when 265 is divided by 67?
64
Calculate the remainder when 216 is divided by 14.
6
What is the remainder when 372 is divided by 183?
6
Calculate the remainder when 1253 is divided by 66.
65
Calculate the remainder when 138 is divided by 72.
66
Calculate the remainder when 335 is divided by 114.
107
What is the remainder when 1378 is divided by 678?
22
What is the remainder when 195 is divided by 25?
20
Calculate the remainder when 286 is divided by 16.
14
What is the remainder when 89 is divided by 33?
23
What is the remainder when 126 is divided by 64?
62
What is the remainder when 160 is divided by 44?
28
Calculate the remainder when 2379 is divided by 1183.
13
Calculate the remainder when 157 is divided by 32.
29
Calculate the remainder when 163 is divided by 28.
23
Calculate the remainder when 182 is divided by 169.
13
What is the remainder when 1947 is divided by 954?
39
What is the remainder when 4412 is divided by 48?
44
What is the remainder when 1044 is divided by 69?
9
What is the remainder when 1374 is divided by 34?
14
What is the remainder when 94 is divided by 72?
22
What is the remainder when 85 is divided by 17?
0
What is the remainder when 1074 is divided by 186?
144
Calculate the remainder when 1898 is divided by 16.
10
Calculate the remainder when 144 is divided by 49.
46
What is the remainder when 12092 is divided by 72?
68
Calculate the remainder when 1665 is divided by 49.
48
What is the remainder when 296 is divided by 295?
1
Calculate the remainder when 122 is divided by 31.
29
Calculate the remainder when 341 is divided by 59.
46
What is the remainder when 645 is divided by 173?
126
What is the remainder when 179 is divided by 41?
15
Calculate the remainder when 4029 is divided by 72.
69
Calculate the remainder when 82 is divided by 21.
19
What is the remainder when 2066 is divided by 688?
2
Calculate the remainder when 265 is divided by 18.
13
What is the remainder when 1917 is divided by 17?
13
Calculate the remainder when 736 is divided by 92.
0
Calculate the remainder when 267 is divided by 54.
51
What is the remainder when 215 is divided by 36?
35
Calculate the remainder when 206 is divided by 26.
24
Calculate the remainder when 3099 is divided by 111.
102
Calculate the remainder when 888 is divided by 250.
138
Calculate the remainder when 811 is divided by 493.
318
What is the remainder when 858 is divided by 30?
18
What is the remainder when 3115 is divided by 68?
55
What is the remainder when 163 is divided by 63?
37
Calculate the remainder when 268 is divided by 91.
86
Calculate the remainder when 28661 is divided by 17.
16
What is the remainder when 538 is divided 